e
Does 274 divide 33428?
True
Does 14 divide 14448?
True
Is 20 a factor of 10800?
True
Is 3021 a multiple of 19?
True
Does 12 divide 2340?
True
Is 7 a factor of 1350?
False
Does 20 divide 460?
True
Is 18060 a multiple of 43?
True
Is 40884 a multiple of 6?
True
Does 29 divide 435?
True
Is 7965 a multiple of 4?
False
Is 47863 a multiple of 212?
False
Is 42 a factor of 588?
True
Is 557 a multiple of 25?
False
Is 720 a multiple of 18?
True
Is 203 a factor of 65975?
True
Is 5208 a multiple of 93?
True
Is 8 a factor of 19212?
False
Does 83 divide 67230?
True
Does 135 divide 2834?
False
Is 9 a factor of 49480?
False
Is 5 a factor of 3368?
False
Is 1859 a multiple of 24?
False
Is 1582 a multiple of 7?
True
Is 176 a multiple of 8?
True
Is 619 a multiple of 26?
False
Is 988 a multiple of 54?
False
Is 161 a multiple of 22?
False
Does 5 divide 6516?
False
Is 1654 a multiple of 28?
False
Does 10 divide 1572?
False
Is 47 a factor of 1477?
False
Does 6 divide 9924?
True
Is 21 a factor of 966?
True
Is 8 a factor of 164?
False
Does 20 divide 2180?
True
Does 14 divide 2403?
False
Does 26 divide 3224?
True
Is 8 a factor of 448?
True
Is 40 a factor of 4417?
False
Is 192 a multiple of 8?
True
Is 2411 a multiple of 22?
False
Is 720 a multiple of 15?
True
Is 336 a multiple of 8?
True
Is 16 a factor of 5230?
False
Is 3 a factor of 465?
True
Is 6 a factor of 86?
False
Is 42 a factor of 1302?
True
Does 61 divide 1220?
True
Does 209 divide 26250?
False
Does 57 divide 4902?
True
Does 28 divide 15792?
True
Is 1741 a multiple of 9?
False
Does 7 divide 1028?
False
Is 4580 a multiple of 123?
False
Is 782 a multiple of 17?
True
Is 4884 a multiple of 41?
False
Does 44 divide 630?
False
Does 26 divide 968?
False
Does 48 divide 14441?
False
Is 7904 a multiple of 32?
True
Is 22 a factor of 339?
False
Is 58 a multiple of 29?
True
Does 104 divide 327?
False
Is 48 a factor of 842?
False
Is 110655 a multiple of 15?
True
Does 54 divide 12529?
False
Does 454 divide 131868?
False
Is 561 a multiple of 11?
True
Does 23 divide 285?
False
Is 222 a factor of 52272?
False
Does 46 divide 46722?
False
Is 1025 a multiple of 25?
True
Does 59 divide 284?
False
Does 12 divide 228?
True
Is 8 a factor of 6502?
False
Is 528 a multiple of 8?
True
Is 35777 a multiple of 33?
False
Is 1275 a multiple of 75?
True
Is 42171 a multiple of 108?
False
Is 13 a factor of 144417?
True
Is 7470 a multiple of 7?
False
Does 13 divide 804?
False
Is 4 a factor of 57?
False
Is 26 a factor of 1578?
False
Is 94 a factor of 954?
False
Does 71 divide 43055?
False
Does 5 divide 180?
True
Is 493 a multiple of 16?
False
Is 27 a factor of 4320?
True
Is 15 a factor of 10725?
True
Is 578 a multiple of 34?
True
Does 28 divide 3696?
True
Does 14 divide 31?
False
Is 76 a factor of 3909?
False
Is 11 a factor of 995?
False
Is 445 a multiple of 27?
False
Is 56373 a multiple of 43?
True
Does 13 divide 22702?
False
Does 6 divide 353?
False
Does 5 divide 2830?
True
Does 20 divide 580?
True
Is 40 a factor of 1290?
False
Does 8 divide 64?
True
Is 14 a factor of 18956?
True
Is 1250 a multiple of 7?
False
Does 5 divide 328?
False
Is 1596 a multiple of 57?
True
Is 15480 a multiple of 167?
False
Is 14176 a multiple of 96?
False
Is 17 a factor of 10455?
True
Is 137 a factor of 3956?
False
Is 2 a factor of 3560?
True
Is 33317 a multiple of 243?
False
Does 16 divide 256?
True
Is 2 a factor of 40?
True
Is 92 a factor of 7912?
True
Is 363 a multiple of 7?
False
Does 10 divide 728?
False
Is 29 a factor of 17961?
False
Does 70 divide 4200?
True
Is 10 a factor of 9150?
True
Is 61936 a multiple of 28?
True
Does 20 divide 2320?
True
Is 102312 a multiple of 294?
True
Does 37 divide 2627?
True
Does 78 divide 4785?
False
Does 38 divide 21470?
True
Does 13 divide 11752?
True
Is 39 a factor of 710?
False
Is 7730 a multiple of 57?
False
Does 45 divide 464?
False
Is 2442 a multiple of 33?
True
Does 78 divide 2886?
True
Is 6 a factor of 4560?
True
Does 62 divide 15190?
True
Does 42 divide 29044?
False
Does 7 divide 14067?
False
Is 5 a factor of 41335?
True
Is 2474 a multiple of 10?
False
Is 17535 a multiple of 21?
True
Is 12 a factor of 3300?
True
Is 716 a multiple of 21?
False
Is 4016 a multiple of 9?
False
Is 11 a factor of 7414?
True
Is 13 a factor of 53?
False
Does 20 divide 5184?
False
Is 1284 a multiple of 73?
False
Is 24 a factor of 48048?
True
Is 528 a multiple of 44?
True
Is 5 a factor of 505?
True
Does 23 divide 13251?
False
Is 26323 a multiple of 49?
False
Does 14 divide 94?
False
Does 10 divide 390?
True
Is 806 a multiple of 26?
True
Is 16 a factor of 3088?
True
Is 35 a factor of 17886?
False
Is 3262 a multiple of 7?
True
Is 19750 a multiple of 50?
True
Does 5 divide 169?
False
Is 3404 a multiple of 70?
False
Does 175 divide 6838?
False
Is 893 a multiple of 19?
True
Is 5 a factor of 385?
True
Is 13872 a multiple of 289?
True
Does 87 divide 1034?
False
Does 61 divide 4960?
False
Is 7 a factor of 431?
False
Is 8851 a multiple of 82?
False
Is 19 a factor of 294?
False
Is 21951 a multiple of 35?
False
Is 44696 a multiple of 302?
True
Does 79 divide 1027?
True
Is 21 a factor of 63376?
False
Is 318 a multiple of 15?
False
Is 17 a factor of 3026?
True
Is 98 a factor of 294?
True
Is 3952 a multiple of 52?
True
Is 3250 a multiple of 16?
False
Is 265 a multiple of 9?
False
Is 18 a factor of 5202?
True
Is 40 a factor of 2748?
False
Is 13 a factor of 19757?
False
Does 9 divide 25335?
True
Is 13 a factor of 1040?
True
Is 2250 a multiple of 50?
True
Is 3819 a multiple of 67?
True
Does 11 divide 264?
True
Is 1252 a multiple of 11?
False
Is 9 a factor of 13419?
True
Is 77 a multiple of 11?
True
Does 12 divide 412?
False
Is 39484 a multiple of 124?
False
Is 540 a multiple of 45?
True
Is 3 a factor of 66?
True
Is 114 a factor of 54071?
False
Is 18102 a multiple of 33?
False
Is 23 a factor of 1604?
False
Is 275 a multiple of 2?
False
Is 26003 a multiple of 104?
False
Does 55 divide 2974?
False
Does 36 divide 999?
False
Is 8 a factor of 192?
True
Is 13 a factor of 3497?
True
Is 4859 a multiple of 23?
False
Is 2548 a multiple of 14?
True
Is 1144 a multiple of 52?
True
Does 217 divide 37929?
False
Does 13 divide 442?
True
Is 4159 a multiple of 6?
False
Is 5 a factor of 830?
True
Is 11 a factor of 475?
False
Is 30008 a multiple of 31?
True
Does 245 divide 7522?
False
Does 19 divide 4123?
True
Is 184 a multiple of 8?
True
Is 24 a factor of 1180?
False
Does 311 divide 83348?
True
Is 34 a factor of 1224?
True
Does 16 divide 992?
True
Is 19247 a multiple of 19?
True
Is 110 a factor of 133?
False
Is 4950 a multiple of 25?
True
Is 3003 a multiple of 21?
True
Is 406 a multiple of 10?
False
Does 46 divide 596?
False
Does 90 divide 72090?
True
Is 132 a factor of 5852?
False
Does 29 divide 11253?
False
Is 40 a multiple of 13?
False
Is 2 a factor of 2220?
True
Does 36 divide 33192?
True
Is 7260 a multiple of 5?
True
Does 27 divide 155?
False
Does 46 divide 138?
True
Does 17 divide 137904?
True
Is 984 a multiple of 302?
False
Is 23572 a multiple of 166?
True
Is 2932 a multiple of 16?
False
Does 61 divide 1769?
True
Does 5 divide 825?
True
Is 2545 a multiple of 14?
False
Is 22 a factor of 72864?
True
Does 44 divide 47740?
True
Is 4 a factor of 323?
False
Does 7 divide 3563?
True
Is 23 a factor of 394?
False
Is 20 a factor of 2986?
False
Is 694 a multiple of 12?
False
Does 2 divide 142?
True
Does 56 divide 6216?
True
Is 13 a factor of 396?
False
Does 30 divide 3840?
True
Is 58 a factor of 696?
True
Is 12 a factor of 28416?
True
Is 34560 a multiple of 144?
True
Does 41 divide 833?
False
Is 83068 a multiple of 55?
False
Is 9 a factor of 51?
False
Is 6556 a multiple of 44?
True
Is 252 a multiple of 21?
True
Is 32918 a multiple of 218?
True
Is 2159 a multiple of 6?
False
Is 4595 a multiple of 13?
False
Is 7 a factor of 7720?
False
Is 515 a multiple of 5?
True
Does 10 divide 2786?
False
Is 1813 a multiple of 15?
False
Is 19 a factor of 4092?
False
Does 24 divide 1348?
False
Is 35 a factor of 6090?
True
Is 15 a factor of 42495?
True
Is 18 a factor of 1026?
True
Is 2 a factor of 3017?
False
Does 2 divide 3?
False
Is 3136 a multiple of 112?
True
Does 62 divide 496?
True
Is 18 a factor of 8622?
True
Does 22 divide 181?
False
Does 33 divide 3003?
True
Is 506 a multiple of 23?
True
Is 7 a fact